{"id":2147,"date":"2023-04-27T13:23:02","date_gmt":"2023-04-27T16:23:02","guid":{"rendered":"https:\/\/res.crp.ufv.br\/?page_id=2147"},"modified":"2025-03-25T11:42:04","modified_gmt":"2025-03-25T14:42:04","slug":"solicitacoes-e-documentos","status":"publish","type":"page","link":"https:\/\/res.crp.ufv.br\/?page_id=2147","title":{"rendered":"Solicita\u00e7\u00f5es e Documentos"},"content":{"rendered":"\r\n<h4 class=\"wp-block-heading\">Solicita\u00e7\u00e3o de Hist\u00f3rico \u2013 Programa Anal\u00edtico \u2013 Declara\u00e7\u00f5es<\/h4>\r\n\r\n\r\n\r\n<p>REQUISITOS, DOCUMENTOS E INFORMA\u00c7\u00d5ES NECESS\u00c1RIOS PARA O SERVI\u00c7O:<\/p>\r\n\r\n\r\n\r\n<p>Requisito: comparecer ao Registro Escolar ou enviar solicita\u00e7\u00e3o para o e-mail registrocrp@ufv.br.<\/p>\r\n\r\n\r\n\r\n<p>Documento necess\u00e1rio:<\/p>\r\n\r\n\r\n\r\n<p>1 &#8211; Carteira de estudante ou outro documento de identidade com foto.<\/p>\r\n\r\n\r\n\r\n<p>2 \u2013 Comprovante de pagamento de taxa (se houver).<\/p>\r\n\r\n\r\n\r\n<p>Solicita\u00e7\u00e3o atrav\u00e9s de terceiros: apresentar procura\u00e7\u00e3o <strong>original<\/strong> com firma reconhecida em cart\u00f3rio.<\/p>\r\n\r\n\r\n\r\n<p>Os documentos emitidos ficar\u00e3o dispon\u00edveis para entrega pelo prazo de seis meses.<\/p>\r\n\r\n\r\n\r\n<h4 class=\"wp-block-heading\">CONFEC\u00c7\u00c3O DE DIPLOMA (2\u00aa VIA)<\/h4>\r\n\r\n\r\n\r\n<p><strong>Gradua\u00e7\u00e3o<\/strong><\/p>\r\n\r\n\r\n\r\n<p>Para solicitar a segunda via do seu diploma, \u00e9 preciso preencher o\u00a0formul\u00e1rio referente.<\/p>\r\n\r\n\r\n\r\n<p>A solicita\u00e7\u00e3o pode ser feita:<\/p>\r\n\r\n\r\n\r\n<p>\u2013 Pessoalmente, com c\u00f3pia da carteira de identidade (exclusivamente carteira de identidade);<\/p>\r\n\r\n\r\n\r\n<p>\u2013 Pelos Correios, enviar o\u00a0formul\u00e1rio preenchido, com assinatura reconhecida em cart\u00f3rio, e c\u00f3pia da carteira de identidade\u00a0(exclusivamente carteira de identidade);<\/p>\r\n\r\n\r\n\r\n<p>\u2013 Por e-mail,\u00a0 enviar o formul\u00e1rio preenchido, assinado digitalmente, e c\u00f3pia da carteira de identidade (exclusivamente carteira de\u00a0identidade).<\/p>\r\n\r\n\r\n\r\n<p>Caso haja altera\u00e7\u00e3o de nome civil, \u00e9 necess\u00e1rio enviar Certid\u00e3o de Nascimento ou Casamento junto ao pedido.<\/p>\r\n\r\n\r\n\r\n<p><strong>N\u00e3o requer pagamento de taxa.<\/strong><\/p>\r\n\r\n\r\n\r\n<h4 class=\"wp-block-heading\"><strong>P\u00f3s-Gradua\u00e7\u00e3o<\/strong><\/h4>\r\n\r\n\r\n\r\n<p>Para solicitar a segunda via do seu diploma, \u00e9 preciso preencher o\u00a0formul\u00e1rio referente.\u00a0<\/p>\r\n\r\n\r\n\r\n<p>A solicita\u00e7\u00e3o pode ser feita:<\/p>\r\n\r\n\r\n\r\n<p>\u2013 Pessoalmente, com c\u00f3pia da carteira de identidade (exclusivamente carteira de identidade);<\/p>\r\n\r\n\r\n\r\n<p>\u2013 Pelos Correios, enviar o\u00a0formul\u00e1rio preenchido, com assinatura reconhecida em cart\u00f3rio, e c\u00f3pia da carteira de identidade\u00a0(exclusivamente carteira de identidade);<\/p>\r\n\r\n\r\n\r\n<p>\u2013 Por e-mail,\u00a0 enviar o formul\u00e1rio preenchido, assinado digitalmente, e c\u00f3pia da carteira de identidade (exclusivamente carteira de\u00a0identidade).<\/p>\r\n\r\n\r\n\r\n<p>Caso haja altera\u00e7\u00e3o de nome civil, \u00e9 necess\u00e1rio enviar Certid\u00e3o de Nascimento ou Casamento junto ao pedido.<\/p>\r\n\r\n\r\n\r\n<p>O valor da taxa \u00e9 de R$25,00 (vinte e cinco reais) a ser pago na conta abaixo:<\/p>\r\n\r\n\r\n\r\n<p>Banco do Brasil<\/p>\r\n\r\n\r\n\r\n<p>Ag\u00eancia: 0428-6<br \/>Conta Corrente: 10760-3<br \/>Valor: 25,00<br \/>CNPJ FUNARBE: 20.320.503\/0001-51<\/p>\r\n\r\n\r\n\r\n<p><strong>Importante<\/strong>:\u00a0N\u00e3o aceitamos pagamentos efetuados\u00a0via\u00a0envelope.<\/p>\r\n\r\n\r\n\r\n<h4><strong>TAXAS DE SERVI\u00c7OS EDUCACIONAIS<\/strong><\/h4>\r\n\r\n\r\n\r\n<p>Clique para ver a \u00edntegra da<strong>\u00a0<a href=\"https:\/\/res.crp.ufv.br\/wp-content\/uploads\/Resolucao-02-23-Consu.pdf\">Resolu\u00e7\u00e3o n\u00ba 02\/2023\/CONSU<\/a><\/strong><\/p>\r\n\r\n\r\n\r\n<p><a href=\"https:\/\/res.crp.ufv.br\/wp-content\/uploads\/Procuracao-MODELO.doc\">Modelo de Procura\u00e7\u00e3o Particular<\/a><\/p>\r\n","protected":false},"excerpt":{"rendered":"<p>Solicita\u00e7\u00e3o de Hist\u00f3rico \u2013 Programa Anal\u00edtico \u2013 Declara\u00e7\u00f5es REQUISITOS, DOCUMENTOS E INFORMA\u00c7\u00d5ES NECESS\u00c1RIOS PARA O SERVI\u00c7O: Requisito: comparecer ao Registro Escolar ou enviar solicita\u00e7\u00e3o para o e-mail registrocrp@ufv.br. Documento necess\u00e1rio: 1 &#8211; Carteira de estudante ou outro documento de identidade com foto. 2 \u2013 Comprovante de pagamento de taxa (se houver). Solicita\u00e7\u00e3o atrav\u00e9s de terceiros: [&hellip;]<\/p>\n","protected":false},"author":1,"featured_media":0,"parent":0,"menu_order":0,"comment_status":"closed","ping_status":"closed","template":"","meta":{"footnotes":""},"class_list":["post-2147","page","type-page","status-publish","hentry"],"jetpack_sharing_enabled":true,"_links":{"self":[{"href":"https:\/\/res.crp.ufv.br\/index.php?rest_route=\/wp\/v2\/pages\/2147","targetHints":{"allow":["GET"]}}],"collection":[{"href":"https:\/\/res.crp.ufv.br\/index.php?rest_route=\/wp\/v2\/pages"}],"about":[{"href":"https:\/\/res.crp.ufv.br\/index.php?rest_route=\/wp\/v2\/types\/page"}],"author":[{"embeddable":true,"href":"https:\/\/res.crp.ufv.br\/index.php?rest_route=\/wp\/v2\/users\/1"}],"replies":[{"embeddable":true,"href":"https:\/\/res.crp.ufv.br\/index.php?rest_route=%2Fwp%2Fv2%2Fcomments&post=2147"}],"version-history":[{"count":7,"href":"https:\/\/res.crp.ufv.br\/index.php?rest_route=\/wp\/v2\/pages\/2147\/revisions"}],"predecessor-version":[{"id":2441,"href":"https:\/\/res.crp.ufv.br\/index.php?rest_route=\/wp\/v2\/pages\/2147\/revisions\/2441"}],"wp:attachment":[{"href":"https:\/\/res.crp.ufv.br\/index.php?rest_route=%2Fwp%2Fv2%2Fmedia&parent=2147"}],"curies":[{"name":"wp","href":"https:\/\/api.w.org\/{rel}","templated":true}]}}