{"id":10,"date":"2013-01-16T17:56:08","date_gmt":"2013-01-16T17:56:08","guid":{"rendered":"http:\/\/localhost\/dsa\/?page_id=10"},"modified":"2026-02-23T17:05:53","modified_gmt":"2026-02-23T20:05:53","slug":"menu2","status":"publish","type":"page","link":"https:\/\/res.crp.ufv.br\/?page_id=10","title":{"rendered":"Calend\u00e1rio Escolar"},"content":{"rendered":"\r\n<h4 class=\"wp-block-heading\">Calend\u00e1rio Escolar de Gradua\u00e7\u00e3o 2026<\/h4>\r\n<p><a href=\"https:\/\/res.crp.ufv.br\/wp-content\/uploads\/Resolucao-24-2025-Cepe-1.pdf\">https:\/\/res.crp.ufv.br\/wp-content\/uploads\/Resolucao-24-2025-Cepe-1.pdf<\/a><\/p>\r\n<h4 class=\"wp-block-heading\">Calend\u00e1rio Escolar de P\u00f3s-Gradua\u00e7\u00e3o 2026<\/h4>\r\n<p><a href=\"https:\/\/soc.ufv.br\/wp-content\/uploads\/SEI-UFV-1871863-Resolucao-24-2026-Consolidado.pdf\">https:\/\/soc.ufv.br\/wp-content\/uploads\/SEI-UFV-1871863-Resolucao-24-2026-Consolidado.pdf<\/a><\/p>\r\n<h4>\u00a0<\/h4>\r\n<h4 class=\"wp-block-heading\">Calend\u00e1rio Escolar de Gradua\u00e7\u00e3o 2025<\/h4>\r\n\r\n\r\n\r\n<p><a href=\"https:\/\/res.crp.ufv.br\/wp-content\/uploads\/CALENDARIO-GRADUACAO-2025.pdf\">https:\/\/res.crp.ufv.br\/wp-content\/uploads\/CALENDARIO-GRADUACAO-2025.pdf<\/a><\/p>\r\n<p><a href=\"https:\/\/res.ufv.br\/wp-content\/uploads\/2025\/05\/Resolucao-13-2025-Cepe-graduacao.pdf\" data-type=\"URL\" data-id=\"https:\/\/res.ufv.br\/wp-content\/uploads\/2025\/05\/Resolucao-13-2025-Cepe-graduacao.pdf\">Altera datas do segundo semestre de 2025, em raz\u00e3o do Simp\u00f3sio de Integra\u00e7\u00e3o Acad\u00eamica (SIA) \u2014 Resolu\u00e7\u00e3o CEPE\/UFV n\u00ba 13, de 10 de mar\u00e7o de 2025<\/a><\/p>\r\n\r\n\r\n\r\n\r\n\r\n<h4 class=\"wp-block-heading\">Calend\u00e1rio Escolar de P\u00f3s-Gradua\u00e7\u00e3o 2025<\/h4>\r\n\r\n\r\n\r\n<p><a href=\"https:\/\/res.crp.ufv.br\/wp-content\/uploads\/CALENDARIO-POS-GRADUACAO-2025.pdf\">https:\/\/res.crp.ufv.br\/wp-content\/uploads\/CALENDARIO-POS-GRADUACAO-2025.pdf<\/a><\/p>\r\n<p><a href=\"https:\/\/res.ufv.br\/wp-content\/uploads\/2025\/05\/Resolucao-14-2025-Cepe-pos.pdf\">Altera datas do segundo semestre de 2025, em raz\u00e3o do Simp\u00f3sio de Integra\u00e7\u00e3o Acad\u00eamica (SIA) \u2014 Resolu\u00e7\u00e3o CEPE\/UFV n\u00ba 14, de 10 de mar\u00e7o de 2025<\/a><\/p>\r\n<p>&nbsp;<\/p>\r\n\r\n\r\n\r\n\r\n\r\n<p>&nbsp;<\/p>\r\n","protected":false},"excerpt":{"rendered":"<p>Calend\u00e1rio Escolar de Gradua\u00e7\u00e3o 2026 https:\/\/res.crp.ufv.br\/wp-content\/uploads\/Resolucao-24-2025-Cepe-1.pdf Calend\u00e1rio Escolar de P\u00f3s-Gradua\u00e7\u00e3o 2026 https:\/\/soc.ufv.br\/wp-content\/uploads\/SEI-UFV-1871863-Resolucao-24-2026-Consolidado.pdf \u00a0 Calend\u00e1rio Escolar de Gradua\u00e7\u00e3o 2025 https:\/\/res.crp.ufv.br\/wp-content\/uploads\/CALENDARIO-GRADUACAO-2025.pdf Altera datas do segundo semestre de 2025, em raz\u00e3o do Simp\u00f3sio de Integra\u00e7\u00e3o Acad\u00eamica (SIA) \u2014 Resolu\u00e7\u00e3o CEPE\/UFV n\u00ba 13, de 10 de mar\u00e7o de 2025 Calend\u00e1rio Escolar de P\u00f3s-Gradua\u00e7\u00e3o 2025 https:\/\/res.crp.ufv.br\/wp-content\/uploads\/CALENDARIO-POS-GRADUACAO-2025.pdf Altera datas do segundo [&hellip;]<\/p>\n","protected":false},"author":1,"featured_media":0,"parent":0,"menu_order":0,"comment_status":"closed","ping_status":"closed","template":"","meta":{"footnotes":""},"class_list":["post-10","page","type-page","status-publish","hentry"],"jetpack_sharing_enabled":true,"_links":{"self":[{"href":"https:\/\/res.crp.ufv.br\/index.php?rest_route=\/wp\/v2\/pages\/10","targetHints":{"allow":["GET"]}}],"collection":[{"href":"https:\/\/res.crp.ufv.br\/index.php?rest_route=\/wp\/v2\/pages"}],"about":[{"href":"https:\/\/res.crp.ufv.br\/index.php?rest_route=\/wp\/v2\/types\/page"}],"author":[{"embeddable":true,"href":"https:\/\/res.crp.ufv.br\/index.php?rest_route=\/wp\/v2\/users\/1"}],"replies":[{"embeddable":true,"href":"https:\/\/res.crp.ufv.br\/index.php?rest_route=%2Fwp%2Fv2%2Fcomments&post=10"}],"version-history":[{"count":139,"href":"https:\/\/res.crp.ufv.br\/index.php?rest_route=\/wp\/v2\/pages\/10\/revisions"}],"predecessor-version":[{"id":2534,"href":"https:\/\/res.crp.ufv.br\/index.php?rest_route=\/wp\/v2\/pages\/10\/revisions\/2534"}],"wp:attachment":[{"href":"https:\/\/res.crp.ufv.br\/index.php?rest_route=%2Fwp%2Fv2%2Fmedia&parent=10"}],"curies":[{"name":"wp","href":"https:\/\/api.w.org\/{rel}","templated":true}]}}

Calendário Escolar

<h4 class="wp-block-heading">Calendário Escolar de Graduação 2026</h4>
<p><a href="https://res.crp.ufv.br/wp-content/uploads/Resolucao-24-2025-Cepe-1.pdf">https://res.crp.ufv.br/wp-content/uploads/Resolucao-24-2025-Cepe-1.pdf</a></p>
<h4 class="wp-block-heading">Calendário Escolar de Pós-Graduação 2026</h4>
<p><a href="https://soc.ufv.br/wp-content/uploads/SEI-UFV-1871863-Resolucao-24-2026-Consolidado.pdf">https://soc.ufv.br/wp-content/uploads/SEI-UFV-1871863-Resolucao-24-2026-Consolidado.pdf</a></p>
<h4> </h4>
<h4 class="wp-block-heading">Calendário Escolar de Graduação 2025</h4>



<p><a href="https://res.crp.ufv.br/wp-content/uploads/CALENDARIO-GRADUACAO-2025.pdf">https://res.crp.ufv.br/wp-content/uploads/CALENDARIO-GRADUACAO-2025.pdf</a></p>
<p><a href="https://res.ufv.br/wp-content/uploads/2025/05/Resolucao-13-2025-Cepe-graduacao.pdf" data-type="URL" data-id="https://res.ufv.br/wp-content/uploads/2025/05/Resolucao-13-2025-Cepe-graduacao.pdf">Altera datas do segundo semestre de 2025, em razão do Simpósio de Integração Acadêmica (SIA) — Resolução CEPE/UFV nº 13, de 10 de março de 2025</a></p>





<h4 class="wp-block-heading">Calendário Escolar de Pós-Graduação 2025</h4>



<p><a href="https://res.crp.ufv.br/wp-content/uploads/CALENDARIO-POS-GRADUACAO-2025.pdf">https://res.crp.ufv.br/wp-content/uploads/CALENDARIO-POS-GRADUACAO-2025.pdf</a></p>
<p><a href="https://res.ufv.br/wp-content/uploads/2025/05/Resolucao-14-2025-Cepe-pos.pdf">Altera datas do segundo semestre de 2025, em razão do Simpósio de Integração Acadêmica (SIA) — Resolução CEPE/UFV nº 14, de 10 de março de 2025</a></p>
<p>&nbsp;</p>





<p>&nbsp;</p>

<p>Calendário Escolar de Graduação 2026 https://res.crp.ufv.br/wp-content/uploads/Resolucao-24-2025-Cepe-1.pdf Calendário Escolar de Pós-Graduação 2026 https://soc.ufv.br/wp-content/uploads/SEI-UFV-1871863-Resolucao-24-2026-Consolidado.pdf   Calendário Escolar de Graduação 2025 https://res.crp.ufv.br/wp-content/uploads/CALENDARIO-GRADUACAO-2025.pdf Altera datas do segundo semestre de 2025, em razão do Simpósio de Integração Acadêmica (SIA) — Resolução CEPE/UFV nº 13, de 10 de março de 2025 Calendário Escolar de Pós-Graduação 2025 https://res.crp.ufv.br/wp-content/uploads/CALENDARIO-POS-GRADUACAO-2025.pdf Altera datas do segundo [&hellip;]</p>
